- 20. Let q be (u - (-2 + 5 + -1))/1. Let t be g(q). Let n(c) = -c**2 - 2*c + 2. What is n(t)?
-13
Let g be 156/195*10/(-2). Let j(m) = m**3 + m**2 - 15*m - 17. Determine j(g).
-5
Let d(w) be the second derivative of -w**5/20 - w**4/6 + w**3/6 + 13*w**2 - 1175*w. What is d(0)?
26
Let r(x) be the first derivative of x**4/4 + 4*x**3/3 + x**2 + 320. Let u be 2/(-6) - (-32)/(-12). Calculate r(u).
3
Let i(g) = -3*g + 20. Let x be i(8). Let c be (-77)/14 + 6 + 2/x. Let l(a) = -a - 8. Calculate l(c).
-8
Let r(o) = o - 6. Let h(c) = 4*c**2 + 11*c + 6*c**2 - 11*c**2 + 15. Let z be h(12). Determine r(z).
-3
Let b(l) be the second derivative of -l**4/12 - 17*l**3/6 - 30*l**2 + l - 201. Give b(-10).
10
Let v(l) = -l**3 - 4*l**2 - 3*l - 3. Let t be ((-25)/(-5) + -7)/(10/(-155)). Let z = 56 - 29. Let c = z - t. Determine v(c).
9
Suppose 0*q = -5*q - 3*j + 23, 0 = -4*j - 16. Suppose q*m - 3*m + 24 = 3*o, 0 = -2*m + o - 12. Let i be (-18)/12*4/m + -3. Let v(y) = 10*y - 1. Give v(i).
-21
Let u(v) = -2*v - 13. Let q(l) = -l + 2. Let j(i) = -4*q(i) - u(i). Let a(h) = -14*h - 13. Let k(p) = -2*a(p) - 5*j(p). Suppose 5*m + 3 = 13. Calculate k(m).
-3
Let q = 12009 + -12012. Let d(u) = u**3 + 5*u**2 + 13*u + 30. Give d(q).
9
Let u(c) be the first derivative of c**2 + 189 + 1/4*c**4 + 9*c + 7/3*c**3. Determine u(-7).
-5
Suppose 4*w = 46 - 42. Let g be (-1)/(w/3) - 2 - 1. Let a be (10 - 13)*2/g. Let j(n) = 11*n + 1. Calculate j(a).
12
Let s = 211 - 208. Let o(n) = 20*n + s - 2*n**2 - 5*n - n**3 - 17*n. Determine o(2).
-17
Let b(l) = l**3 + 3*l**2 + l - 4. Let o(h) = -7*h**3 - 3*h**2 - 28*h + 15. Let d(c) = -6*b(c) - o(c). Give d(13).
-43
Let q be (-6 - 427/(-28))/(1/12). Let j = q + -110. Let f(n) = 29*n**2 - 11*n. Let m(v) = -10*v**2 + 4*v. Let x(g) = -3*f(g) - 8*m(g). Determine x(j).
-6
Let l(i) = 3*i**2 - 93 - 3*i**2 + 5*i**2 - 87*i + 70*i + i**3. Calculate l(-5).
-8
Let b(x) be the third derivative of x**5/60 + 3*x**4/2 + 12*x**3 + 11895*x**2. What is b(-34)?
4
Let z = 222 - 206. Let d(c) = -z + 12 - c + 3. What is d(-2)?
1
Let u(x) = -x**2 - 3*x + 3. Let v(f) = 15*f - 4. Let n be v(10). Let t = 96 - n. Let g be 6 + 35/(-6) + t/12. Give u(g).
-1
Let x(f) be the first derivative of f**7/840 - f**6/60 + f**5/120 - 5*f**3/3 + 3*f**2 + 68. Let g(n) be the third derivative of x(n). Give g(6).
6
Let j(q) = -q**3 + 15*q**2 - 25*q - 11. Let p be 7/(-3) - (-6578)/429. Give j(p).
2
Let m(j) = -7*j**3 + 1. Let b be (34 - 1)/(3 + 2 - 2). Suppose 2*q - b = u - 2*q, -4*q = 5*u - 17. Determine m(u).
-6
Let z(o) be the first derivative of -o**2 - 8*o - 973. Let n be 9/2*8/(-6). Determine z(n).
4
Let w(r) = 5*r - 3. Let u = 7063 + -6947. Suppose 476 = 2*s + 2*s - 4*z, -4*s + 2*z + 466 = 0. Let i = u - s. Determine w(i).
7
Let l(j) be the first derivative of j**4/4 - 2*j**3/3 + j**2/2 + j + 5255. Suppose -4 = 5*i + 2*w, 3*w - 1 = 5*i + 6*w. What is l(i)?
-17
Let c(w) be the third derivative of 3*w**6/40 + w**5/60 - 2*w**4/3 - 338*w**2. Let x(k) = 2*k**3 - k**2 - 2*k - 1. Let q(u) = -c(u) + 5*x(u). Give q(6).
31
Let r(y) = 20 - 3*y + 3 + 5*y. Let t be r(-11). Suppose 2*d = -3 + t. Let u(l) = 6*l**3 - l**2 + 1. What is u(d)?
-6
Let r(d) be the second derivative of 1/12*d**4 - 1 + 4/3*d**3 + 9*d + 5/2*d**2. Determine r(-5).
-10
Let y(g) = -19*g - 467 + 1034 - 645. Give y(-4).
-2
Let g(f) = -f**3 - 4*f**2 + 13*f - 4. Let s(u) = u**2 + 121*u + 232. Let j be s(-119). Give g(j).
-10
Let k(w) = -4*w + 1. Let v(c) = -c**3 + 7*c - 1. Let h be v(-3). Suppose 3*l = 4*r + h, 17*r - 20 = l + 20*r. What is k(l)?
21
Let y(q) = q + 5 - 30 + 0*q. Let d be (-3 - -4)*4 - (6 - (8 - -16)). Let p be y(d). Let i(b) = 4*b + 4. What is i(p)?
-8
Let z(q) = -q**3 + 7*q**2 - 6*q + 7. Let r be 8*21/(-112)*20/(-6). What is z(r)?
27
Let a(v) = -v**3 + 21*v**2 + 27*v - 117. Suppose -39038*i + 39055*i - 374 = 0. Calculate a(i).
-7
Suppose c = 3*n + 51, 4*c - 3*n = 375 - 324. Let g(j) be the first derivative of j**4/4 - 8*j - 1. What is g(c)?
-8
Let z(c) = 6*c**3 - 6*c**2 + 3*c + 11. Let a(i) = -i**3 - 1. Let v be 2/3 + 14/6. Suppose v*y - 6*y = 15. Let p(t) = y*a(t) - z(t). Determine p(5).
4
Suppose -9*m + 10*m = -50. Let l = 26 + m. Let o = l + 26. Let b(p) = p**2 + 4*p - 3. What is b(o)?
9
Let p(z) = z**3 + z**2 - 4*z - 3. Let l(f) = -2*f + 23. Let d = -38 - -38. Let q be l(d). Let j = q + -26. Determine p(j).
-9
Suppose 0 = 3*h - 7*h - 16, -3*l - 3*h + 9 = 0. Let s be 0/((4 - l) + 4). Let v(i) = i - 6 + 4 - 7 + 8. Determine v(s).
-1
Let t(l) = -l**2 - 17*l - 10. Let z(q) = q**2 + 5*q - 1. Let o(a) = -t(a) + z(a). Give o(-11).
9
Let j(o) be the second derivative of o**7/72 + o**6/720 + 97*o**4/12 + 2*o + 11. Let k(r) be the third derivative of j(r). Calculate k(1).
36
Let h(j) = j**2 - 68 + 20*j - 14*j - 10*j + 80 - 2*j**2. Give h(-9).
-33
Suppose -3*u + 9 = 3. Suppose 2*g + g = -2*z + 5, -4 = -z - u*g. Let d(j) = -26 + 1 - 6*j + 25 + j. Calculate d(z).
10
Let r(q) = 9*q - 403. Let k be 22/2 + 3828/116. Give r(k).
-7
Let h be (68/(-104) + (-44)/(-286))/((-1)/14). Let n(r) = -r**3 + 8*r**2 - 15*r + 5. Determine n(h).
-51
Suppose -6*k + 24 = -2*k. Let m(r) = -23*r**3 - 1239*r + 620*r + 619*r + 14 + 24*r**3 - 9 - 6*r**2. What is m(k)?
5
Suppose 3 = 2*t - 5. Let x(p) be the second derivative of -p**4/24 + 5*p**3/6 + 153*p**2/2 - 16*p + 4. Let b(v) be the first derivative of x(v). Give b(t).
1
Suppose 3*o - 6 = 3*s, -s - 3*s + 3*o = 4. Suppose g - 9*d = -8*d - s, g = 2*d - 2. Let p(z) = -2*z. Give p(g).
4
Let v(n) = -205*n + 1837. Let d(p) = 308*p - 2859. Let a(t) = -5*d(t) - 8*v(t). Calculate a(4).
-1
Let r(d) be the second derivative of d**5/20 - 2*d**4/3 + 2*d**3 - 9*d**2 - 1989*d. Calculate r(8).
78
Let x(g) = 4803*g**2 + g**3 - 2410*g**2 - 30*g - 30 - 2401*g**2. Determine x(11).
3
Let y(x) be the second derivative of -97*x + 0 + 1/6*x**3 - x**2. Calculate y(-4).
-6
Let d(t) = -t**2 + t + 8. Let g(n) = 3*n + 9. Let j be g(-8). Let q be (j/15)/(2/(-6)). Suppose -b = 5*m + q + 1, 20 = -5*b. What is d(m)?
8
Let p(d) = -d + 3. Let n(y) = 76 - y**2 + 852*y + 2*y**2 - 870*y. Let z be n(6). Calculate p(z).
-1
Let i = 673 - 608. Let g = 58 - i. Let a(p) = p**2 + 9*p + 3. Determine a(g).
-11
Let q(s) = 2*s**2. Let m = -482 - -484. Suppose -m*a = -f + 13, 3*a + 0*f = f - 18. Give q(a).
50
Let l(g) be the first derivative of 5*g**2/2 - 1. Let x(v) = 35*v**2 + 2*v - 15. Let w be x(-3). Let j = -298 + w. Give l(j).
-20
Let g(i) = -i + 2. Let y(o) = 174*o - 21. Let r(m) = 25*m - 3. Let k(a) = -27*r(a) + 4*y(a). Let h(j) = 2*g(j) + k(j). Suppose -1 + 4 = -3*l. Give h(l).
-18
Let a(l) be the third derivative of l**9/60480 + l**8/3360 + l**7/1260 + 19*l**5/20 + 4*l**2. Let w(b) be the third derivative of a(b). Calculate w(-5).
5
Let n(y) = -y**2 - 17*y + 13*y**2 + 1 - 3*y**2 - 6*y**2 + y**3 + 13*y. What is n(1)?
1
Suppose 2*r - 7*f + 12*f = 13, 5*r + 2*f = 22. Let s(h) = -3*h + 3. Determine s(r).
-9
Let p(v) be the third derivative of -7*v**4/24 + 11*v**3/3 - 8*v**2 - 13. Give p(4).
-6
Let n(f) = -257 - 200 - 8*f + 456. Calculate n(1).
-9
Let d(s) be the third derivative of -3*s**5/20 + 55*s**4/24 - s**3/6 - 2270*s**2. What is d(6)?
5
Let r(d) = -d**3 + 4*d**2 + 5*d - 6. Let j(o) = 2*o**2 - 3*o - 35. Let h be j(8). Suppose -2*w + 79 = h. Give r(w).
-6
Suppose -5*q - 23 = f, 2*q + 21 - 5 = 3*f. Let n be (-10 + 0 + 11)*2. Let s(w) = -w**n - 2 + 2*w**f + 8*w - 2*w. Give s(-6).
-2
Let g(o) be the second derivative of 2*o**2 + 0 + o**3 + 42*o + 1/12*o**4. Give g(-4).
-4
Let b(n) = 2*n**3 + 3*n**2 + n + 1. Let v(k) = 151*k + 2. Let w be v(1). Suppose 157*l = w*l - 12. What is b(l)?
-29
Suppose 0 = 39*s - 47 + 908 - 159. Let a(t) = -t**3 - 16*t**2 + 38*t + 21. Calculate a(s).
-15
Let o(c) be the second derivative of 59*c**3/6 - 32*c**2 - 1692*c. Give o(1).
-5
Let g(x) = x**2 + 4*x + 3. Let k(u) = -u**2 - 12*u + 83. Let q be k(-17). Let o be (3/q)/((-153)/(-204)). Give g(o).
-1
Let o = 515 - 507. Let b(k) = -k**2 - 2*k - 19. Give b(o).
-99
Let f(z) = 11*z + 6. Let s(q) = 22*q + 14. Let n(y) = 5*f(y) - 2*s(y). Let x be 16 - (18/3)/3. Let k = -16 + x. What is n(k)?
-20
Suppose 94 = -2*y + 4*y. Let c = -40 + y. Let w(t) be the second derivative of -2*t**3/3 + 4*t**2 - t. Give w(c).
-20
Let i(j) be the first derivative of -j + 3/2*j**2 -